{"id":905,"date":"2020-05-03T18:55:43","date_gmt":"2020-05-03T16:55:43","guid":{"rendered":"https:\/\/www.rcl-shop.at\/?post_type=product&#038;p=905"},"modified":"2020-12-17T12:31:12","modified_gmt":"2020-12-17T11:31:12","slug":"generation-5f-oesterreich-carbon-schluesselanhaenger","status":"publish","type":"product","link":"https:\/\/www.rcl-shop.at\/?product=generation-5f-oesterreich-carbon-schluesselanhaenger","title":{"rendered":"Generation 5F \u00ae &#8211; \u00d6STERREICH\u00a0Carbon Schl\u00fcsselanh\u00e4nger"},"content":{"rendered":"<p>Ma\u00dfe: 55 x 20 x 2mm (LxBxH)<\/p>\n","protected":false},"excerpt":{"rendered":"<p>Echt-Carbon Schl\u00fcsselanh\u00e4nger mit Generation 5F \u00ae &#8211; \u00d6STERREICH Gruppenlogo inkl. Schl\u00fcsselring <a class=\"more-link\" href=\"https:\/\/www.rcl-shop.at\/?product=generation-5f-oesterreich-carbon-schluesselanhaenger\">weiterlesen  <span class=\"screen-reader-text\">  Generation 5F \u00ae &#8211; \u00d6STERREICH\u00a0Carbon Schl\u00fcsselanh\u00e4nger<\/span><span class=\"meta-nav\">&rarr;<\/span><\/a><\/p>\n","protected":false},"featured_media":906,"comment_status":"open","ping_status":"closed","template":"","meta":{"_themeisle_gutenberg_block_has_review":false},"product_brand":[],"product_cat":[19],"product_tag":[],"class_list":{"0":"post-905","1":"product","2":"type-product","3":"status-publish","4":"has-post-thumbnail","6":"product_cat-merchandise","7":"product_shipping_class-ov","9":"first","10":"instock","11":"purchasable","12":"product-type-simple"},"jetpack_sharing_enabled":true,"_links":{"self":[{"href":"https:\/\/www.rcl-shop.at\/index.php?rest_route=\/wp\/v2\/product\/905","targetHints":{"allow":["GET"]}}],"collection":[{"href":"https:\/\/www.rcl-shop.at\/index.php?rest_route=\/wp\/v2\/product"}],"about":[{"href":"https:\/\/www.rcl-shop.at\/index.php?rest_route=\/wp\/v2\/types\/product"}],"replies":[{"embeddable":true,"href":"https:\/\/www.rcl-shop.at\/index.php?rest_route=%2Fwp%2Fv2%2Fcomments&post=905"}],"wp:featuredmedia":[{"embeddable":true,"href":"https:\/\/www.rcl-shop.at\/index.php?rest_route=\/wp\/v2\/media\/906"}],"wp:attachment":[{"href":"https:\/\/www.rcl-shop.at\/index.php?rest_route=%2Fwp%2Fv2%2Fmedia&parent=905"}],"wp:term":[{"taxonomy":"product_brand","embeddable":true,"href":"https:\/\/www.rcl-shop.at\/index.php?rest_route=%2Fwp%2Fv2%2Fproduct_brand&post=905"},{"taxonomy":"product_cat","embeddable":true,"href":"https:\/\/www.rcl-shop.at\/index.php?rest_route=%2Fwp%2Fv2%2Fproduct_cat&post=905"},{"taxonomy":"product_tag","embeddable":true,"href":"https:\/\/www.rcl-shop.at\/index.php?rest_route=%2Fwp%2Fv2%2Fproduct_tag&post=905"}],"curies":[{"name":"wp","href":"https:\/\/api.w.org\/{rel}","templated":true}]}}